{"id":30,"date":"2018-09-28T23:00:10","date_gmt":"2018-09-28T23:00:10","guid":{"rendered":"http:\/\/dits.tech\/?page_id=30"},"modified":"2018-10-22T17:04:50","modified_gmt":"2018-10-22T17:04:50","slug":"servicios","status":"publish","type":"page","link":"https:\/\/dits.tech\/index.php\/servicios\/","title":{"rendered":"Servicios"},"content":{"rendered":"<p>[vc_section][vc_row][vc_column][vc_empty_space height=&#8221;80px&#8221;]<div class=\"section-title-wrap unva-stitle-69e4aa2f6bb6f cpation-center \"><h2 class=\"section-title\">SERVICIOS<\/h2><\/div>[\/vc_column][\/vc_row][\/vc_section][vc_row overlay_dotted=&#8221;&#8221;][vc_column][vc_separator border_width=&#8221;2&#8243; el_width=&#8221;80&#8243;][vc_empty_space height=&#8221;10px&#8221;]<div class=\"section-title-wrap unva-stitle-69e4aa2f6bb9d cpation-left \"><h2 class=\"section-title\">Desarrollo de Software<\/h2><\/div>[vc_column_text]<\/p>\n<h3><span style=\"color: #808080;\">Nuestra f\u00e1brica de software (Powered by Blue Ocean Technologies) est\u00e1 respaldada por una s\u00f3lida metodolog\u00eda que nos permite identificar las necesidades de nuestros clientes y entregar soluciones que satisfacen esas necesidades.<\/span><\/h3>\n<p>&nbsp;<\/p>\n<h4><span style=\"color: #808080;\">Los servicios que brindamos son:<\/span><\/h4>\n<ul>\n<li>\n<h4><span style=\"color: #808080;\"><strong>F\u00e1brica de Software:<\/strong><\/span><\/h4>\n<ul>\n<li>\n<h4><span style=\"color: #808080;\"><u><\/u>Desarrollamos software basados en los requerimientos espec\u00edficos de nuestros clientes.<\/span><\/h4>\n<\/li>\n<\/ul>\n<\/li>\n<li>\n<h4><span style=\"color: #808080;\">Desarrollo de Software a la medida:<\/span><\/h4>\n<ul>\n<li>\n<h4><span style=\"color: #808080;\"><u><\/u>Realizamos la consultor\u00eda y el an\u00e1lisis de necesidades para ofrecer soluciones de software a la medida, logrando cumplir los objetivos estrat\u00e9gicos de nuestros clientes.<\/span><\/h4>\n<\/li>\n<\/ul>\n<\/li>\n<li>\n<h4><span style=\"color: #808080;\">Desarrollo de aplicaciones m\u00f3viles:<\/span><\/h4>\n<ul>\n<li>\n<h4><span style=\"color: #808080;\"><u><\/u>Desarrollamos aplicaciones m\u00f3viles intuitivas, vers\u00e1tiles, \u00e1giles y multiplataforma.<\/span><\/h4>\n<\/li>\n<\/ul>\n<\/li>\n<li>\n<h4><span style=\"color: #808080;\">Modernizaci\u00f3n de aplicaciones existentes:<\/span><\/h4>\n<ul>\n<li>\n<h4><span style=\"color: #808080;\">Evaluamos y ofrecemos la actualizaci\u00f3n, mejora u optimizaci\u00f3n del software utilizado actualmente por nuestros clientes.<\/span><\/h4>\n<\/li>\n<\/ul>\n<\/li>\n<\/ul>\n<h4><\/h4>\n<h4><span style=\"color: #808080;\">Todos nuestros servicios de desarrollo de software est\u00e1n respaldados por las siguientes credenciales:<\/span><\/h4>\n<ul>\n<li>\n<h4><span style=\"color: #808080;\">Certificaci\u00f3n CMMI DEV\/5<\/span><\/h4>\n<\/li>\n<li>\n<h4><span style=\"color: #808080;\">Microsoft Gold Partner<\/span><\/h4>\n<\/li>\n<li>\n<h4><span style=\"color: #808080;\">Certificaci\u00f3n en TSP \/ PSP<\/span><\/h4>\n<\/li>\n<li>\n<h4><span style=\"color: #808080;\">Ingenieros certificados en SCRUM<\/span><\/h4>\n<\/li>\n<li>\n<h4><span style=\"color: #808080;\">Especialistas certificados en PMP<\/span><\/h4>\n<\/li>\n<li>\n<h4><span style=\"color: #808080;\">Ingenieros certificados en ITIL<\/span><\/h4>\n<\/li>\n<li>\n<h4><span style=\"color: #808080;\">Ingenieros de pruebas certificados en ISTQB<\/span><\/h4>\n<\/li>\n<\/ul>\n<h4><\/h4>\n<h4><span style=\"color: #808080;\">Nuestra metodolog\u00eda:<\/span><\/h4>\n<h4><span style=\"color: #808080;\"><img decoding=\"async\" loading=\"lazy\" class=\"alignnone wp-image-1696\" src=\"http:\/\/dits.tech\/wp-content\/uploads\/2018\/10\/metodologia-300x138.png\" alt=\"\" width=\"576\" height=\"265\" srcset=\"https:\/\/dits.tech\/wp-content\/uploads\/2018\/10\/metodologia-300x138.png 300w, https:\/\/dits.tech\/wp-content\/uploads\/2018\/10\/metodologia-768x354.png 768w, https:\/\/dits.tech\/wp-content\/uploads\/2018\/10\/metodologia-600x276.png 600w, https:\/\/dits.tech\/wp-content\/uploads\/2018\/10\/metodologia.png 994w\" sizes=\"(max-width: 576px) 100vw, 576px\" \/><\/span><\/h4>\n<h4><\/h4>\n<h4><span style=\"color: #808080;\">Tecnolog\u00eda utilizada:<\/span><\/h4>\n<ul>\n<li>\n<h4><span style=\"color: #808080;\">C# \/ Visual Studio \/ ASP NET<\/span><\/h4>\n<\/li>\n<li>\n<h4><span style=\"color: #808080;\">MS SQL Server<\/span><\/h4>\n<\/li>\n<li>\n<h4><span style=\"color: #808080;\">Team Foundation Services<\/span><\/h4>\n<\/li>\n<li>\n<h4><span style=\"color: #808080;\">WebServices<\/span><\/h4>\n<\/li>\n<li>\n<h4><span style=\"color: #808080;\">Reporting Services \/ Crystal Reports<\/span><\/h4>\n<\/li>\n<\/ul>\n<p>[\/vc_column_text][\/vc_column][\/vc_row][vc_row full_width=&#8221;stretch_row&#8221; overlay_dotted=&#8221;&#8221; css=&#8221;.vc_custom_1540217741198{background-color: #dddddd !important;}&#8221;][vc_column][vc_empty_space height=&#8221;10px&#8221;]<div class=\"section-title-wrap unva-stitle-69e4aa2f6bbb8 cpation-left \"><h2 class=\"section-title\">Plataformas Tecnol\u00f3gicas Especializadas por Sector<\/h2><\/div>[vc_column_text]<\/p>\n<h2 style=\"text-align: center;\"><span style=\"color: #000000;\">JUSTIFICACI\u00d3N<\/span><\/h2>\n<p>[\/vc_column_text][vc_separator border_width=&#8221;2&#8243;][\/vc_column][\/vc_row][vc_section full_width=&#8221;stretch_row&#8221; css=&#8221;.vc_custom_1540217789726{background-color: #dddddd !important;}&#8221;][vc_row][vc_column width=&#8221;1\/4&#8243;]<div class=\"idea-item unva-item unva-idea-69e4aa2f6bbe6 \">\n                <div class=\"unva-icon\"><span class=\"fa fa-lightbulb-o\"><\/span><\/div>\n                <div class=\"idea-info\"><h4 class=\"idea-title\"><a href=\"#\" target=\"_self\">INNOVACI\u00d3N<\/a><\/h4><p>Hoy todas las industrias la requieren<\/p>\n<\/div>\n              <\/div>[\/vc_column][vc_column width=&#8221;1\/4&#8243;]<div class=\"idea-item unva-item unva-idea-69e4aa2f6bc1c \">\n                <div class=\"unva-icon\"><span class=\"fa fa-money\"><\/span><\/div>\n                <div class=\"idea-info\"><h4 class=\"idea-title\">MERCADO<\/h4><p>Innovar otorga ventajas competitivas en el mercado<\/p>\n<\/div>\n              <\/div>[\/vc_column][vc_column width=&#8221;1\/4&#8243;]<div class=\"idea-item unva-item unva-idea-69e4aa2f6bc41 \">\n                <div class=\"unva-icon\"><span class=\"fa fa-file-code-o\"><\/span><\/div>\n                <div class=\"idea-info\"><h4 class=\"idea-title\">SOFTWARE<\/h4><p>Herramienta prioritaria para alcanzar los objetivos estrat\u00e9gicos de las organizaciones<\/p>\n<\/div>\n              <\/div>[\/vc_column][vc_column width=&#8221;1\/4&#8243;]<div class=\"idea-item unva-item unva-idea-69e4aa2f6bc61 \">\n                <div class=\"unva-icon\"><span class=\"fa fa-codepen\"><\/span><\/div>\n                <div class=\"idea-info\"><h4 class=\"idea-title\">PLATAFORMA<\/h4><p>Integradora de los procesos de cada industria o sector, concebida, dise\u00f1ada y desarrollada ad-hoc<\/p>\n<\/div>\n              <\/div>[\/vc_column][\/vc_row][vc_row][vc_column][vc_separator border_width=&#8221;2&#8243;][\/vc_column][\/vc_row][\/vc_section][vc_row full_width=&#8221;stretch_row&#8221; overlay_dotted=&#8221;&#8221; css=&#8221;.vc_custom_1540219641589{background-color: #dddddd !important;}&#8221;][vc_column][vc_column_text css=&#8221;.vc_custom_1539985419465{padding-right: 100px !important;padding-left: 100px !important;}&#8221;]<\/p>\n<h4 style=\"text-align: center;\">Nos aliamos estrat\u00e9gicamente con organizaciones l\u00edderes del sector industrial al que pertenecen para desarrollar plataformas integrales de gesti\u00f3n, orientadas a resolver la problem\u00e1tica m\u00e1s importante del mismo.<\/h4>\n<p>[\/vc_column_text][vc_single_image image=&#8221;1716&#8243; img_size=&#8221;large&#8221; alignment=&#8221;center&#8221; style=&#8221;vc_box_rounded&#8221; css=&#8221;.vc_custom_1539985121261{border-radius: 5px !important;}&#8221;][vc_column_text]<\/p>\n<blockquote>\n<p style=\"text-align: center;\"><em>La innovaci\u00f3n disruptiva afecta a una determinada industria de tal modo que hace que \u00e9sta cambie dr\u00e1sticamente, pudiendo incluso hacer que desaparezcan del mercado los productos y servicios que formaban parte de \u00e9ste antes de la irrupci\u00f3n de esta innovaci\u00f3n.<\/em><\/p>\n<\/blockquote>\n<p>[\/vc_column_text][\/vc_column][\/vc_row][vc_row overlay_dotted=&#8221;&#8221;][vc_column][vc_empty_space height=&#8221;10px&#8221;]<div class=\"section-title-wrap unva-stitle-69e4aa2f6bc79 cpation-left \"><h2 class=\"section-title\">Proyectos de Integraci\u00f3n en TIC's<\/h2><\/div>[vc_column_text]<\/p>\n<h3><span style=\"color: #808080;\">A trav\u00e9s de nuestros servicios de consultor\u00eda especializada revisamos de manera integral las tareas, actividades y procesos de gesti\u00f3n de los bienes y servicios de nuestros clientes y proponemos soluciones tecnol\u00f3gicas que favorezcan la eficacia y eficiencia del funcionamiento de la empresa, las integramos e implementamos, logrando con ello la transformaci\u00f3n digital de nuestros clientes.<\/span><\/h3>\n<p><strong>\u00a0<\/strong><\/p>\n<h4><span style=\"font-size: 16px; color: #808080;\">Nuestra metodolog\u00eda de transformaci\u00f3n digital:<\/span><\/h4>\n<p><strong><img decoding=\"async\" loading=\"lazy\" class=\"alignnone wp-image-1730\" src=\"http:\/\/dits.tech\/wp-content\/uploads\/2018\/10\/metodologiaDeTransfDigital-300x115.png\" alt=\"\" width=\"741\" height=\"284\" srcset=\"https:\/\/dits.tech\/wp-content\/uploads\/2018\/10\/metodologiaDeTransfDigital-300x115.png 300w, https:\/\/dits.tech\/wp-content\/uploads\/2018\/10\/metodologiaDeTransfDigital-768x294.png 768w, https:\/\/dits.tech\/wp-content\/uploads\/2018\/10\/metodologiaDeTransfDigital-1024x391.png 1024w, https:\/\/dits.tech\/wp-content\/uploads\/2018\/10\/metodologiaDeTransfDigital-600x229.png 600w, https:\/\/dits.tech\/wp-content\/uploads\/2018\/10\/metodologiaDeTransfDigital.png 1044w\" sizes=\"(max-width: 741px) 100vw, 741px\" \/>\u00a0<\/strong><\/p>\n<p>&nbsp;<\/p>\n<h4><span style=\"color: #808080;\">Contar con los mejores socios de negocios nos permite integrar soluciones de TI que satisfagan las necesidades de nuestros clientes:<\/span><\/h4>\n<p>&nbsp;<\/p>\n<ul>\n<li>\n<h4><span style=\"color: #808080;\">Centros de Datos<\/span><\/h4>\n<ul>\n<li>\n<h4><span style=\"color: #808080;\">Servidores: Torre, Rack y Blade<\/span><\/h4>\n<\/li>\n<li>\n<h4><span style=\"color: #808080;\">Almacenamiento: NAS y SAN<\/span><\/h4>\n<\/li>\n<li>\n<h4><span style=\"color: #808080;\">Protecci\u00f3n de datos: Backup, DRP y Alta Disponibilidad<\/span><\/h4>\n<\/li>\n<\/ul>\n<\/li>\n<li>\n<h4><span style=\"color: #808080;\">C\u00f3mputo<\/span><\/h4>\n<ul>\n<li>\n<h4><span style=\"color: #808080;\">Laptops<\/span><\/h4>\n<\/li>\n<li>\n<h4><span style=\"color: #808080;\">PC<\/span><\/h4>\n<\/li>\n<li>\n<h4><span style=\"color: #808080;\">Tablets<\/span><\/h4>\n<\/li>\n<li>\n<h4><span style=\"color: #808080;\">Thin Clients<\/span><\/h4>\n<\/li>\n<li>\n<h4><span style=\"color: #808080;\">Impresoras y plotters<\/span><\/h4>\n<\/li>\n<\/ul>\n<\/li>\n<li>\n<h4><span style=\"color: #808080;\">Redes empresariales<\/span><\/h4>\n<ul>\n<li>\n<h4><span style=\"color: #808080;\">Networking: Switching, Routers y Wireless<\/span><\/h4>\n<\/li>\n<li>\n<h4><span style=\"color: #808080;\">Comunicaciones unificadas y colaboraci\u00f3n: Telepresencia, Telefon\u00eda IP, PBX y Video Conferencia<\/span><\/h4>\n<\/li>\n<li>\n<h4><span style=\"color: #808080;\">Cableado: UTP y Fibra \u00f3ptica<\/span><\/h4>\n<\/li>\n<\/ul>\n<\/li>\n<li>\n<h4><span style=\"color: #808080;\">Software empresarial y para gobierno<\/span><\/h4>\n<ul>\n<li>\n<h4><span style=\"color: #808080;\">Microsoft: Office 365, Exchange, Sharepoint, Project Server y Windows<\/span><\/h4>\n<\/li>\n<li>\n<h4><span style=\"color: #808080;\">Government Resource Planning: Plataforma egob<\/span><\/h4>\n<\/li>\n<li>\n<h4><span style=\"color: #808080;\">Software para la gesti\u00f3n de TI<\/span><\/h4>\n<\/li>\n<\/ul>\n<\/li>\n<li>\n<h4><span style=\"color: #808080;\">Virtualizaci\u00f3n<\/span><\/h4>\n<ul>\n<li>\n<h4><span style=\"color: #808080;\">Software para virtualizaci\u00f3n<\/span><\/h4>\n<\/li>\n<\/ul>\n<\/li>\n<li>\n<h4><span style=\"color: #808080;\">Digitalizaci\u00f3n<\/span><\/h4>\n<ul>\n<li>\n<h4><span style=\"color: #808080;\">Equipos para digitalizaci\u00f3n y software de gesti\u00f3n de la documentaci\u00f3n digital<\/span><\/h4>\n<\/li>\n<\/ul>\n<\/li>\n<li>\n<h4><span style=\"color: #808080;\">Cloud<\/span><\/h4>\n<ul>\n<li>\n<h4><span style=\"color: #808080;\">Plataformas para soluciones en la nube<\/span><\/h4>\n<\/li>\n<\/ul>\n<\/li>\n<li>\n<h4><span style=\"color: #808080;\">Seguridad de la informaci\u00f3n<\/span><\/h4>\n<ul>\n<li>\n<h4><span style=\"color: #808080;\">Firewall perimetral: USG, IPS, UTM y filtrado de contenido<\/span><\/h4>\n<\/li>\n<li>\n<h4><span style=\"color: #808080;\">Protecci\u00f3n en endpoint<\/span><\/h4>\n<\/li>\n<li>\n<h4><span style=\"color: #808080;\">Prevenci\u00f3n de p\u00e9rdida de datos (DLP)<\/span><\/h4>\n<\/li>\n<li>\n<h4><span style=\"color: #808080;\">Video vigilancia: C\u00e1maras IP y NVR<\/span><\/h4>\n<\/li>\n<\/ul>\n<\/li>\n<\/ul>\n<p>[\/vc_column_text][\/vc_column][\/vc_row][vc_row full_width=&#8221;stretch_row&#8221; overlay_dotted=&#8221;&#8221; css=&#8221;.vc_custom_1540217741198{background-color: #dddddd !important;}&#8221;][vc_column][vc_empty_space height=&#8221;10px&#8221;]<div class=\"section-title-wrap unva-stitle-69e4aa2f6bc89 cpation-left \"><h2 class=\"section-title\">Servicios Administrados<\/h2><\/div>[vc_column_text]<\/p>\n<h3><span style=\"color: #808080;\">Con nuestros servicios administrados de infraestructura de TI, nuestros clientes reducen sus costos de soporte e incrementan la eficiencia de su infraestructura, permitiendo a sus recursos humanos enfocarse en iniciativas estrat\u00e9gicas de negocio e innovaci\u00f3n.<\/span><\/h3>\n<p>&nbsp;<\/p>\n<h4><span style=\"color: #808080;\">Brindamos servicios de administraci\u00f3n, soporte y monitoreo de infraestructura de TI basados en ITIL como marco de referencia de buenas pr\u00e1cticas:<\/span><\/h4>\n<ul>\n<li>\n<h4><span style=\"color: #808080;\">Servicios de gesti\u00f3n en la Operaci\u00f3n de Datacenter:<\/span><\/h4>\n<ul>\n<li>\n<h4><span style=\"color: #808080;\">Servicio de soporte en virtualizaci\u00f3n<\/span><\/h4>\n<\/li>\n<li>\n<h4><span style=\"color: #808080;\">Soporte a infraestructura de servidores, almacenamiento y respaldo<\/span><\/h4>\n<\/li>\n<li>\n<h4><span style=\"color: #808080;\">Implementaci\u00f3n y migraci\u00f3n de datacenter<\/span><\/h4>\n<\/li>\n<li>\n<h4><span style=\"color: #808080;\">Monitoreo de alarmas de infraestructura<\/span><\/h4>\n<\/li>\n<li>\n<h4><span style=\"color: #808080;\">Monitoreo de seguridad<\/span><\/h4>\n<\/li>\n<li>\n<h4><span style=\"color: #808080;\">Vulnerabilidad y cumplimiento de las normas (parcheo, antivirus, etc.)<\/span><\/h4>\n<\/li>\n<\/ul>\n<\/li>\n<li>\n<h4><span style=\"color: #808080;\">Servicios de soporte a Telecomunicaciones y Redes:<\/span><\/h4>\n<ul>\n<li>\n<h4><span style=\"color: #808080;\">Soporte a equipos de red y seguridad perimetral<\/span><\/h4>\n<\/li>\n<li>\n<h4><span style=\"color: #808080;\">Monitoreo de enlaces y comunicaci\u00f3n<\/span><\/h4>\n<\/li>\n<li>\n<h4><span style=\"color: #808080;\">Monitoreo de seguridad<\/span><\/h4>\n<\/li>\n<li>\n<h4><span style=\"color: #808080;\">Vulnerabilidad y cumplimiento de las normas (actualizaci\u00f3n de firmware)<\/span><\/h4>\n<\/li>\n<\/ul>\n<\/li>\n<li>\n<h4><span style=\"color: #808080;\">Mesa de Servicio basada en ITIL:<\/span><\/h4>\n<ul>\n<li>\n<h4><span style=\"color: #808080;\">Procesos de Incidentes y Solicitudes de Servicio alineados a ITIL<\/span><\/h4>\n<\/li>\n<li>\n<h4><span style=\"color: #808080;\">Mesa de Servicio de Primer Grupo de Soporte (Nivel 1)<\/span><\/h4>\n<\/li>\n<li>\n<h4><span style=\"color: #808080;\">Coordinaci\u00f3n del esfuerzo del personal de soporte especializado del cliente<\/span><\/h4>\n<\/li>\n<\/ul>\n<\/li>\n<li>\n<h4><span style=\"color: #808080;\">Servicios de soporte de DBA:<\/span><\/h4>\n<ul>\n<li>\n<h4><span style=\"color: #808080;\">Monitoreo del rendimiento de servidores de bases de datos<\/span><\/h4>\n<\/li>\n<li>\n<h4><span style=\"color: #808080;\">Elaboraci\u00f3n y ejecuci\u00f3n de Scripts en base de datos<\/span><\/h4>\n<\/li>\n<\/ul>\n<\/li>\n<\/ul>\n<h4><span style=\"color: #808080;\">Todos nuestros servicios de servicios administrados est\u00e1n respaldados por las siguientes credenciales:<\/span><\/h4>\n<ul>\n<li>\n<h4><span style=\"color: #808080;\">Ingenieros certificados en ITIL<\/span><\/h4>\n<\/li>\n<li>\n<h4><span style=\"color: #808080;\">Ingenieros certificados en Virtualizaci\u00f3n<\/span><\/h4>\n<\/li>\n<li>\n<h4><span style=\"color: #808080;\">Ingenieros certificados en Routing y Switching<\/span><\/h4>\n<\/li>\n<\/ul>\n<p>&nbsp;<\/p>\n<ul>\n<li style=\"list-style-type: none;\"><\/li>\n<\/ul>\n<p>[\/vc_column_text][\/vc_column][\/vc_row]<\/p>\n","protected":false},"excerpt":{"rendered":"[vc_section][vc_row][vc_column][vc_empty_space height=&#8221;80px&#8221;][\/vc_column][\/vc_row][\/vc_section][vc_row overlay_dotted=&#8221;&#8221;][vc_column][vc_separator border_width=&#8221;2&#8243; el_width=&#8221;80&#8243;][vc_empty_space height=&#8221;10px&#8221;][vc_column_text] Nuestra f\u00e1brica de software (Powered by Blue Ocean Technologies) est\u00e1 respaldada por una s\u00f3lida metodolog\u00eda que nos permite identificar las necesidades de nuestros clientes y entregar soluciones que satisfacen esas necesidades. &nbsp; Los servicios que brindamos son: F\u00e1brica de Software: Desarrollamos software basados en los requerimientos espec\u00edficos de nuestros[&#8230;]","protected":false},"author":1,"featured_media":0,"parent":0,"menu_order":0,"comment_status":"closed","ping_status":"closed","template":"","meta":[],"_links":{"self":[{"href":"https:\/\/dits.tech\/index.php\/wp-json\/wp\/v2\/pages\/30"}],"collection":[{"href":"https:\/\/dits.tech\/index.php\/wp-json\/wp\/v2\/pages"}],"about":[{"href":"https:\/\/dits.tech\/index.php\/wp-json\/wp\/v2\/types\/page"}],"author":[{"embeddable":true,"href":"https:\/\/dits.tech\/index.php\/wp-json\/wp\/v2\/users\/1"}],"replies":[{"embeddable":true,"href":"https:\/\/dits.tech\/index.php\/wp-json\/wp\/v2\/comments?post=30"}],"version-history":[{"count":64,"href":"https:\/\/dits.tech\/index.php\/wp-json\/wp\/v2\/pages\/30\/revisions"}],"predecessor-version":[{"id":1754,"href":"https:\/\/dits.tech\/index.php\/wp-json\/wp\/v2\/pages\/30\/revisions\/1754"}],"wp:attachment":[{"href":"https:\/\/dits.tech\/index.php\/wp-json\/wp\/v2\/media?parent=30"}],"curies":[{"name":"wp","href":"https:\/\/api.w.org\/{rel}","templated":true}]}}